{"id":4126,"date":"2012-04-18T05:01:56","date_gmt":"2012-04-18T05:01:56","guid":{"rendered":"http:\/\/www.xtrembabe.com\/xbb\/?page_id=4126"},"modified":"2012-04-18T05:23:21","modified_gmt":"2012-04-18T05:23:21","slug":"copyright-2","status":"publish","type":"page","link":"https:\/\/www.xtrembabe.com\/xbb\/kontakt\/copyright-2\/","title":{"rendered":"COPYRIGHT"},"content":{"rendered":"<h3>Information zum \u00a9 Copyright<\/h3>\n<p>&nbsp;<\/p>\n<p>Da sich &#8222;gewisse&#8220; Langfinger immer mal wieder an meinen Bildern und Texten &#8222;bedienen&#8220; m\u00f6chte ich nochmal darauf hinweisen das s\u00e4mtlicher Inhalt dieser Seite meinem \u00a9 Copyright unterliegen. Bilder und Texte d\u00fcrfen ausdr\u00fccklich nur nach meiner schriftlichen Genehmigung benutzt und ver\u00f6ffentlicht werden.<\/p>\n","protected":false},"excerpt":{"rendered":"<p>Information zum \u00a9 Copyright &nbsp; Da sich &#8222;gewisse&#8220; Langfinger immer mal wieder an meinen Bildern und Texten &#8222;bedienen&#8220; m\u00f6chte ich nochmal darauf hinweisen das s\u00e4mtlicher Inhalt dieser Seite meinem \u00a9 Copyright unterliegen. Bilder und Texte d\u00fcrfen ausdr\u00fccklich nur nach meiner schriftlichen Genehmigung benutzt und ver\u00f6ffentlicht werden.<\/p>\n","protected":false},"author":2,"featured_media":0,"parent":520,"menu_order":0,"comment_status":"closed","ping_status":"open","template":"","meta":{"footnotes":""},"class_list":["post-4126","page","type-page","status-publish","hentry"],"aioseo_notices":[],"_links":{"self":[{"href":"https:\/\/www.xtrembabe.com\/xbb\/wp-json\/wp\/v2\/pages\/4126","targetHints":{"allow":["GET"]}}],"collection":[{"href":"https:\/\/www.xtrembabe.com\/xbb\/wp-json\/wp\/v2\/pages"}],"about":[{"href":"https:\/\/www.xtrembabe.com\/xbb\/wp-json\/wp\/v2\/types\/page"}],"author":[{"embeddable":true,"href":"https:\/\/www.xtrembabe.com\/xbb\/wp-json\/wp\/v2\/users\/2"}],"replies":[{"embeddable":true,"href":"https:\/\/www.xtrembabe.com\/xbb\/wp-json\/wp\/v2\/comments?post=4126"}],"version-history":[{"count":11,"href":"https:\/\/www.xtrembabe.com\/xbb\/wp-json\/wp\/v2\/pages\/4126\/revisions"}],"predecessor-version":[{"id":4136,"href":"https:\/\/www.xtrembabe.com\/xbb\/wp-json\/wp\/v2\/pages\/4126\/revisions\/4136"}],"up":[{"embeddable":true,"href":"https:\/\/www.xtrembabe.com\/xbb\/wp-json\/wp\/v2\/pages\/520"}],"wp:attachment":[{"href":"https:\/\/www.xtrembabe.com\/xbb\/wp-json\/wp\/v2\/media?parent=4126"}],"curies":[{"name":"wp","href":"https:\/\/api.w.org\/{rel}","templated":true}]}}